actor of q and 24?
12
Let w(j) = -4*j**3 + 6*j**2 + 4*j + 7. Let i(x) = x**3 - 1. Let v(o) = 5*i(o) + w(o). Let c be v(-2). What is the greatest common factor of c and 170?
10
Suppose -7*o + 6*o = -35. Let k(p) = 16*p - 372. Let i be k(32). Calculate the greatest common factor of o and i.
35
Let n(v) = v**2 + 37*v - 5268. Let r be n(-94). What is the highest common divisor of 4338 and r?
18
Let q(z) = -61*z + 1263. Let g be q(19). Calculate the greatest common divisor of g and 1480.
8
Let q = -457956 + 458406. Let t be (-73)/(-3) + 2/3. What is the highest common factor of t and q?
25
Let d = -3570 + 1776. Let n be ((-1)/3)/(26/d). Calculate the greatest common factor of 23 and n.
23
Let h(f) = f**2 - 2*f - 4. Let g = -177 - -174. Let y be h(g). What is the greatest common divisor of 374 and y?
11
Let n(o) = o**2 - 26*o - 50. Let a be n(30). Calculate the highest common factor of a and 756.
14
Let o(x) = 2*x**2 + 13*x - 16. Let y be o(-8). Let i be (((-2028)/15)/(-13))/((-2)/(-5)). Calculate the highest common factor of i and y.
2
Suppose 0 = -27*o + 94 + 176. Let b = 27 + -17. Calculate the highest common factor of b and o.
10
Let s = 282 + -278. Suppose -s*w = -11*w + 49. What is the highest common factor of w and 42?
7
Let o = 18 + -2. Let w(q) = -2*q**2 + 204*q + 854. Let c be w(106). What is the greatest common factor of c and o?
2
Suppose a - 49 - 41 = 0. Let i(y) = 15*y - 933. Let o be i(67). What is the highest common divisor of a and o?
18
Suppose -998*r - 4381 = -8985 - 14878 - 10458. Suppose -h = 2*h - 240. What is the highest common divisor of r and h?
10
Let p(a) be the third derivative of -17*a**4/24 - 25*a**3/6 - 31*a**2. Let f be p(-12). Let z = f - 91. What is the highest common factor of z and 8?
8
Suppose -q + 5*q + 75 = 3*f, 2*f - 50 = 5*q. Let u be 5/(-245)*-21 + f/7. Calculate the highest common factor of 22 and u.
2
Suppose -4*h - 4*i + 875 = -245, 1424 = 5*h - 3*i. Suppose -4*x - h = -635. What is the greatest common factor of x and 8?
8
Suppose 26*x + 284 = 2*m + 24*x, -4*m = 3*x - 519. What is the highest common factor of m and 1899?
9
Suppose -452 = l - 2*l - 372. Calculate the greatest common factor of l and 272.
16
Let q(a) = 2*a**2 - 26*a - 26. Suppose 0 = 20*v - 199 - 121. Let b be q(v). Calculate the greatest common factor of 280 and b.
70
Suppose -2*t + 409 = -5*c, 8*c - 851 = -5*t - 4*c. What is the highest common divisor of 459 and t?
17
Suppose -29 = -2*b + 43. Let x be 25 + 0 + 3 + (6 - 6). Suppose -10*n = x - 148. Calculate the highest common factor of n and b.
12
Let n(s) = 10*s**3 + 265*s**2 - 36*s + 64. Let r be n(-26). Calculate the highest common divisor of r and 12.
12
Let c(s) = s**2 - 59*s + 583. Let m be c(9). Calculate the highest common factor of 329 and m.
7
Let p = -505 - -520. Suppose 0*o - p = 3*o, 5*o + 43 = 3*a. What is the highest common factor of 129 and a?
3
Let t = 18 + -7. Let r be 3 - (-1)/3 - (-74)/(-222). Let p = t + r. What is the greatest common factor of p and 35?
7
Let n = -705 - -2703. Suppose 0 = -21*l - 360 + n. Calculate the highest common divisor of 26 and l.
26
Let s = -290 - -300. Suppose -13*t - s*t = -10166. Calculate the greatest common factor of t and 17.
17
Suppose 56*c - 68 = 54*c. Let j = -13 + c. Let s = j + 6. What is the highest common factor of s and 18?
9
Suppose -7*s - 117 = -320. Suppose -s*o = 3*o - 864. What is the greatest common divisor of o and 216?
27
Let s be ((-1)/2)/(1/(-52)). Let l = -65832 + 65988. Calculate the highest common factor of s and l.
26
Suppose -2*s - 486 = -3*w + s, -5*s = -3*w + 490. Let t = 51 + -41. Calculate the highest common divisor of w and t.
10
Let s be 275/11*39/5. What is the highest common factor of s and 345?
15
Suppose 425 = 3*r + 2*r. Suppose -s + 144 = 3*g, -183*g + 228 = -178*g + 3*s. What is the greatest common divisor of g and r?
17
Let m = -106 - -456. Let c be m/3 + (-3)/(-9). Let a = -571 - -584. Calculate the highest common factor of a and c.
13
Let x = 10287 - 1625. What is the greatest common factor of x and 142?
142
Suppose 0 = -4*l + 8*l - 64. Let r(f) = -102*f + 26 + 30 + l - 59. Let n be r(-3). What is the greatest common factor of n and 29?
29
Let f be -22*1236516/(-1848) - (0 - (-6)/14). What is the greatest common factor of 256 and f?
128
Let q be -6*(-32 + (1 - -1)). Let g be (0 + 4)/(((-71)/(-497))/((-6)/(-14))). Calculate the greatest common divisor of q and g.
12
Let z be 1/(6 + (-52476)/8748). What is the greatest common divisor of z and 12?
3
Let w be 2 + 6/(18/(-15)). Let a(k) = -55*k + 5. Let r be a(w). Let i = -51 - -61. What is the greatest common factor of i and r?
10
Suppose -538*h + 533*h + 2*y = -520, 2*h - 4*y = 208. Calculate the highest common factor of h and 39.
13
Suppose 15*z + z - 1620 = -29*z. Calculate the greatest common factor of 1908 and z.
36
Let y = 7338 - 4063. What is the greatest common divisor of 262 and y?
131
Let d be ((-4)/(-10))/((-8)/(-80)). Suppose -d*u - 59*g + 728 = -62*g, -728 = -4*u + 4*g. What is the highest common divisor of 14 and u?
14
Let w(i) = -i**3 + 81*i**2 - 29*i - 273. Let h be w(80). What is the greatest common divisor of h and 648?
81
Suppose -8*d = 4*a - 13*d - 46, -21 = -3*a - 3*d. What is the highest common factor of 492 and a?
3
Suppose 10*o - 7854 = -4*o. Calculate the highest common divisor of o and 357.
51
Let n be (-48)/(-30)*165 - 14/(-2). Calculate the highest common divisor of n and 1.
1
Suppose 3589 + 10276 = 3*a + 2*k, -13886 = -3*a - 5*k. Calculate the greatest common factor of a and 57.
57
Let a = 14129 + -11808. Calculate the greatest common divisor of a and 844.
211
Suppose -62*x + 5476 = -66568. Calculate the highest common factor of 28 and x.
14
Suppose 2*u = 5*f + 1047, -3*u + 2*f + 813 = -774. Suppose 130*a - 8886 = -1216. Calculate the highest common divisor of a and u.
59
Suppose 4*k + 187 = 5*s + 457, -4*s + 187 = 3*k. What is the highest common divisor of k and 1157?
13
Let t(h) = -19*h - 8 + 0 + h. Let c be (-4 - -14 - 14) + 0/1. Let y be t(c). Calculate the greatest common divisor of 8 and y.
8
Let i(a) = 48*a**2 - 43*a + 15. Let d be i(-3). Calculate the greatest common divisor of d and 162.
18
Suppose 47 - 26 = 3*q. Let f(w) = -w**2 + 15*w - 53. Let y be f(q). What is the highest common factor of 9 and y?
3
Let y be (-74)/(1*(0 - 1)). Let d = -38369 - -38406. Calculate the highest common factor of y and d.
37
Let o(l) = 21*l**3 + 60*l - 123. Let r be o(2). What is the highest common factor of r and 2?
1
Suppose a = -7*y + 101, -5*a + 13*y - 12*y = -685. What is the greatest common factor of 5576 and a?
136
Let h = -424 - -762. Suppose -17*x - 52 = -19*x. What is the highest common factor of x and h?
26
Suppose -13*y = -508 - 861 - 854. What is the highest common factor of 513 and y?
171
Suppose 255*x + 168 = 4*j + 260*x, -5*x = 20. Calculate the greatest common factor of 1363 and j.
47
Let g = 304 + -24. Let z be -12*9/(-36)*1. Suppose -4*f + 4*p = -g, 2*f - z*p - 51 = 91. What is the greatest common divisor of f and 17?
17
Let i = -25962 + 25994. What is the greatest common factor of 8032 and i?
32
Let t be 17 + -23 + 21 - -563. Calculate the highest common divisor of t and 28033.
289
Let a be 2 + 1206/6 + 1. Suppose -k = -5*i - 2*k + 251, 4*i + 4*k - a = 0. Calculate the greatest common factor of 20 and i.
10
Let c(s) = -77*s + 10394. Let a be c(134). Calculate the greatest common factor of 28348 and a.
76
Let z(w) = 2*w**2 + 3*w - 9. Let x be z(9). Let n = 7592 + -7562. What is the greatest common divisor of n and x?
30
Let k be ((-1376)/3 + 8/(-12))/((-256)/384). Calculate the highest common divisor of k and 26.
13
Suppose 865 = -35*p + 7569 + 9396. Calculate the highest common divisor of p and 1702.
46
Let a = -453 - -558. Suppose 25 = i + z, -3*i + 35 + 30 = 5*z. Calculate the greatest common divisor of a and i.
15
Let v be (162/(-24))/(333/(-296)). Let z be (-1)/((-2)/(-2)) - -187. Calculate the highest common factor of z and v.
6
Suppose 4*f - 725 = -f. Suppose i + 4*i - f = 0. Suppose 25*q + 5*q = 3480. Calculate the greatest common divisor of i and q.
29
Suppose 0*d = 3*d - 51. Let o(l) = l**3 + 12*l**2 - 29. Let m be o(-13). Let h = m - -351. Calculate the greatest common divisor of h and d.
17
Suppose 5